{"id":19,"date":"2020-09-07T10:26:54","date_gmt":"2020-09-07T13:26:54","guid":{"rendered":"http:\/\/motocruz.com.br\/website\/?page_id=19"},"modified":"2023-05-03T07:01:12","modified_gmt":"2023-05-03T10:01:12","slug":"lojas","status":"publish","type":"page","link":"http:\/\/motocruz.com.br\/?page_id=19","title":{"rendered":"Lojas"},"content":{"rendered":"<table border=\"0\" width=\"100%\" cellspacing=\"0\" cellpadding=\"0\">\n<tbody>\n<tr>\n<td valign=\"top\" width=\"33%\">\n<table border=\"0\" width=\"75%\" align=\"center\">\n<tbody>\n<tr>\n<td bgcolor=\"#CCCCCC\">MATRIZ<\/td>\n<\/tr>\n<tr>\n<td>Rua da Conc\u00f3rdia, 539 \u2013 S\u00e3o Jos\u00e9<br \/>\nRecife \u2013 PE &#8211; CEP: 50020-050<\/td>\n<\/tr>\n<tr>\n<td><strong>Telefones<\/strong>:<br \/>\n(81) 3217-8465 &#8211; WhatsApp<br \/>\n(81) 3217-8466<\/td>\n<\/tr>\n<tr>\n<td><iframe loading=\"lazy\" style=\"border: 0;\" tabindex=\"0\" src=\"https:\/\/www.google.com\/maps\/embed?pb=!1m18!1m12!1m3!1d3950.3221628433803!2d-34.88438288522008!3d-8.068585594190575!2m3!1f0!2f0!3f0!3m2!1i1024!2i768!4f13.1!3m3!1m2!1s0x7ab18b651614c03%3A0x824b18f43929697!2sR.%20da%20Conc%C3%B3rdia%2C%20539%20-%20S%C3%A3o%20Jos%C3%A9%2C%20Recife%20-%20PE%2C%2050020-050!5e0!3m2!1spt-BR!2sbr!4v1600721994311!5m2!1spt-BR!2sbr\" width=\"100%\" height=\"150\" frameborder=\"0\" allowfullscreen=\"allowfullscreen\" aria-hidden=\"false\"><\/iframe><\/td>\n<\/tr>\n<\/tbody>\n<\/table>\n<\/td>\n<td valign=\"top\" width=\"33%\">\n<table border=\"0\" width=\"75%\" align=\"center\">\n<tbody>\n<tr>\n<td bgcolor=\"#CCCCCC\">FILIAL 01<\/td>\n<\/tr>\n<tr>\n<td>Rua Passo da P\u00e1tria, 383 &#8211; S\u00e3o Jos\u00e9<br \/>\nRecife \u2013 PE &#8211; CEP: 50020-130<\/td>\n<\/tr>\n<tr>\n<td><strong>Telefones:<\/strong><br \/>\n(81) 98369-4738 &#8211; WhatsApp<br \/>\n(81) 3217-8444<br \/>\n(81) 3217-8416<\/td>\n<\/tr>\n<tr>\n<td><iframe loading=\"lazy\" style=\"border: 0;\" tabindex=\"0\" src=\"https:\/\/www.google.com\/maps\/embed?pb=!1m18!1m12!1m3!1d3950.324535916531!2d-34.88545234998895!3d-8.068342794162257!2m3!1f0!2f0!3f0!3m2!1i1024!2i768!4f13.1!3m3!1m2!1s0x7ab18b635b367c1%3A0x73ce3a534972801c!2sR.%20Passo%20da%20P%C3%A1tria%2C%20383%20-%20S%C3%A3o%20Jos%C3%A9%2C%20Recife%20-%20PE%2C%2050020-150!5e0!3m2!1spt-BR!2sbr!4v1600723542580!5m2!1spt-BR!2sbr\" width=\"100%\" height=\"150\" frameborder=\"0\" allowfullscreen=\"allowfullscreen\" aria-hidden=\"false\"><\/iframe><\/td>\n<\/tr>\n<\/tbody>\n<\/table>\n<\/td>\n<td valign=\"top\" width=\"33%\">\n<table border=\"0\" width=\"75%\" align=\"center\">\n<tbody>\n<tr>\n<td bgcolor=\"#CCCCCC\">FILIAL 02<\/td>\n<\/tr>\n<tr>\n<td>Rua Henrique de Holanda, 1659<br \/>\nVit\u00f3ria de Santo Ant\u00e3o \u2013 PE &#8211; CEP: 55600-000<\/td>\n<\/tr>\n<tr>\n<td><strong>Telefones:<\/strong><br \/>\n(81) 3217-8494 &#8211; WhatsApp<br \/>\n(81) 3217-8495<\/td>\n<\/tr>\n<tr>\n<td><iframe loading=\"lazy\" style=\"border: 0;\" tabindex=\"0\" src=\"https:\/\/www.google.com\/maps\/embed?pb=!1m18!1m12!1m3!1d3949.8413634539907!2d-35.30036414998856!3d-8.117629594127532!2m3!1f0!2f0!3f0!3m2!1i1024!2i768!4f13.1!3m3!1m2!1s0x7aa54a61db5a159%3A0x98119d5fabc000aa!2sAv.%20Henrique%20de%20Holanda%2C%201659%20-%20Mau%C3%AAs%2C%20Vit%C3%B3ria%20de%20Santo%20Ant%C3%A3o%20-%20PE%2C%2055602-020!5e0!3m2!1spt-BR!2sbr!4v1600723896068!5m2!1spt-BR!2sbr\" width=\"100%\" height=\"150\" frameborder=\"0\" allowfullscreen=\"allowfullscreen\" aria-hidden=\"false\"><\/iframe><\/td>\n<\/tr>\n<\/tbody>\n<\/table>\n<\/td>\n<\/tr>\n<tr>\n<td valign=\"top\">\n<table border=\"0\" width=\"75%\" align=\"center\">\n<tbody>\n<tr>\n<td bgcolor=\"#CCCCCC\">FILIAL 03<\/td>\n<\/tr>\n<tr>\n<td>Rua da Conc\u00f3rdia, 509 \u2013 S\u00e3o Jos\u00e9<br \/>\nRecife \u2013 PE &#8211; CEP: 50020-050<\/td>\n<\/tr>\n<tr>\n<td><strong>Telefones<\/strong>:<br \/>\n(81) 3217-8455 &#8211; WhatsApp<br \/>\n(81) 3217-8457<\/td>\n<\/tr>\n<tr>\n<td><iframe loading=\"lazy\" style=\"border: 0;\" tabindex=\"0\" src=\"https:\/\/www.google.com\/maps\/embed?pb=!1m18!1m12!1m3!1d3950.3240003197916!2d-34.88423474998901!3d-8.068397594162207!2m3!1f0!2f0!3f0!3m2!1i1024!2i768!4f13.1!3m3!1m2!1s0x7ab18b6549b0001%3A0xa5b817e332816a6c!2sR.%20da%20Conc%C3%B3rdia%2C%20509%20-%20S%C3%A3o%20Jos%C3%A9%2C%20Recife%20-%20PE%2C%2050020-500!5e0!3m2!1spt-BR!2sbr!4v1600724116497!5m2!1spt-BR!2sbr\" width=\"100%\" height=\"150\" frameborder=\"0\" allowfullscreen=\"allowfullscreen\" aria-hidden=\"false\"><\/iframe><\/td>\n<\/tr>\n<\/tbody>\n<\/table>\n<\/td>\n<td valign=\"top\">\n<table border=\"0\" width=\"75%\" align=\"center\">\n<tbody>\n<tr>\n<td bgcolor=\"#CCCCCC\">FILIAL 04<\/td>\n<\/tr>\n<tr>\n<td>Av. Caxang\u00e1, 3222 &#8211; Cordeiro<br \/>\nRecife \u2013 PE &#8211; CEP: 50731-000<\/td>\n<\/tr>\n<tr>\n<td><strong>Telefones:<\/strong><br \/>\n(81) 3217-8438 &#8211; WhatsApp<br \/>\n(81) 3217-8439<\/td>\n<\/tr>\n<tr>\n<td><iframe loading=\"lazy\" style=\"border: 0;\" tabindex=\"0\" src=\"https:\/\/www.google.com\/maps\/embed?pb=!1m18!1m12!1m3!1d3950.576075862862!2d-34.9370421499892!3d-8.042565294180397!2m3!1f0!2f0!3f0!3m2!1i1024!2i768!4f13.1!3m3!1m2!1s0x7ab196e034ae82f%3A0xc7a426dcfce02a03!2sAv.%20Caxang%C3%A1%2C%203222%20-%20Iputinga%2C%20Recife%20-%20PE%2C%2050731-000!5e0!3m2!1spt-BR!2sbr!4v1600724210609!5m2!1spt-BR!2sbr\" width=\"100%\" height=\"150\" frameborder=\"0\" allowfullscreen=\"allowfullscreen\" aria-hidden=\"false\"><\/iframe><\/td>\n<\/tr>\n<\/tbody>\n<\/table>\n<\/td>\n<td valign=\"top\">\n<table border=\"0\" width=\"75%\" align=\"center\">\n<tbody>\n<tr>\n<td bgcolor=\"#CCCCCC\">FILIAL 05<\/td>\n<\/tr>\n<tr>\n<td>Estrada da Batalha, 660 &#8211; Prazeres<br \/>\nJaboat\u00e3o dos Guararapes &#8211; PE<\/td>\n<\/tr>\n<tr>\n<td><strong>Telefones:<\/strong><br \/>\n(81) 3217-8478 &#8211; WhatsApp<br \/>\n(81) 3217-8479<\/td>\n<\/tr>\n<tr>\n<td><iframe loading=\"lazy\" style=\"border: 0;\" tabindex=\"0\" src=\"https:\/\/www.google.com\/maps\/embed?pb=!1m18!1m12!1m3!1d3949.466174452681!2d-34.924753349988265!3d-8.15569729410074!2m3!1f0!2f0!3f0!3m2!1i1024!2i768!4f13.1!3m3!1m2!1s0x7aae1c4984f9d99%3A0x249f385ec3bb9f01!2sEstr.%20da%20Batalha%2C%20660%20-%20Prazeres%2C%20Jaboat%C3%A3o%20dos%20Guararapes%20-%20PE%2C%2054315-570!5e0!3m2!1spt-BR!2sbr!4v1600724289908!5m2!1spt-BR!2sbr\" width=\"100%\" height=\"150\" frameborder=\"0\" allowfullscreen=\"allowfullscreen\" aria-hidden=\"false\"><\/iframe><\/td>\n<\/tr>\n<\/tbody>\n<\/table>\n<\/td>\n<\/tr>\n<\/tbody>\n<\/table>\n<table border=\"0\" width=\"100%\" cellspacing=\"0\" cellpadding=\"0\">\n<tbody>\n<tr>\n<td valign=\"top\" width=\"33%\">\n<table border=\"0\" width=\"75%\" align=\"center\">\n<tbody>\n<tr>\n<td bgcolor=\"#CCCCCC\">FILIAL 06<\/td>\n<\/tr>\n<tr>\n<td>Av Brasil, Box-A \u2013 180 Abreu e Lima &#8211; PE<\/td>\n<\/tr>\n<tr>\n<td><strong>Telefones<\/strong>:<br \/>\n(81) 3217-8480 &#8211; WhatsApp<br \/>\n(81) 3217-8481<\/td>\n<\/tr>\n<tr>\n<td><iframe loading=\"lazy\" style=\"border: 0;\" tabindex=\"0\" src=\"https:\/\/www.google.com\/maps\/embed?pb=!1m18!1m12!1m3!1d3950.3221628433803!2d-34.88438288522008!3d-8.068585594190575!2m3!1f0!2f0!3f0!3m2!1i1024!2i768!4f13.1!3m3!1m2!1s0x7ab18b651614c03%3A0x824b18f43929697!2sR.%20da%20Conc%C3%B3rdia%2C%20539%20-%20S%C3%A3o%20Jos%C3%A9%2C%20Recife%20-%20PE%2C%2050020-050!5e0!3m2!1spt-BR!2sbr!4v1600721994311!5m2!1spt-BR!2sbr\" width=\"100%\" height=\"150\" frameborder=\"0\" allowfullscreen=\"allowfullscreen\" aria-hidden=\"false\"><\/iframe><\/td>\n<\/tr>\n<\/tbody>\n<\/table>\n<\/td>\n<td valign=\"top\" width=\"33%\">\n<table border=\"0\" width=\"75%\" align=\"center\">\n<tbody>\n<tr>\n<td bgcolor=\"#CCCCCC\">FILIAL 07<\/td>\n<\/tr>\n<tr>\n<td>Av. General Manuel Rabelo, 5394<br \/>\nSucupira \u2013 Jaboat\u00e3o dos Guararapes \/ PE CEP: 54280-000<\/td>\n<\/tr>\n<tr>\n<td><strong>Telefones<\/strong>:<br \/>\n(81) 3217-8453 &#8211; WhatsApp<br \/>\n(81) 3217-8454<\/td>\n<\/tr>\n<tr>\n<td><iframe loading=\"lazy\" style=\"border: 0;\" tabindex=\"0\" src=\"https:\/\/www.google.com\/maps\/embed?pb=!1m18!1m12!1m3!1d3950.0483078102216!2d-34.969396485231954!3d-8.096556383218303!2m3!1f0!2f0!3f0!3m2!1i1024!2i768!4f13.1!3m3!1m2!1s0x7ab1c372cd37e0f%3A0x55cd7f866c74c040!2sAv.%20Gen.%20Manoel%20Rabelo%2C%205394%20-%20Sucupira%2C%20Recife%20-%20PE%2C%2054210-020!5e0!3m2!1spt-BR!2sbr!4v1604864678055!5m2!1spt-BR!2sbr\" width=\"100%\" height=\"150\" frameborder=\"0\" allowfullscreen=\"allowfullscreen\" aria-hidden=\"false\"><\/iframe><\/td>\n<\/tr>\n<\/tbody>\n<\/table>\n<\/td>\n<td valign=\"top\" width=\"33%\">\n<table border=\"0\" width=\"75%\" align=\"center\">\n<tbody>\n<tr>\n<td bgcolor=\"#CCCCCC\">Parceiros \/ Coligadas<\/td>\n<\/tr>\n<tr>\n<td>RM Ret\u00edfica e Oficina:<br \/>\nRua Floriano Peixoto, 383 Santo Ant\u00f4nio<br \/>\nRecife \u2013 PE CEP: 50020-060<\/td>\n<\/tr>\n<tr>\n<td><strong>Telefone<\/strong>:<br \/>\n(81) 3217-8459 &#8211; WhatsApp<br \/>\n(81) 3217-8460<\/td>\n<\/tr>\n<tr>\n<td><iframe loading=\"lazy\" style=\"border: 0;\" tabindex=\"0\" src=\"https:\/\/www.google.com\/maps\/embed?pb=!1m18!1m12!1m3!1d3950.328266423503!2d-34.88510944998899!3d-8.067961094162515!2m3!1f0!2f0!3f0!3m2!1i1024!2i768!4f13.1!3m3!1m2!1s0x7ab18b7c99dd561%3A0x42c3bcfba48958cc!2sR.%20Floriano%20Peixoto%2C%20383%20-%20S%C3%A3o%20Jos%C3%A9%2C%20Recife%20-%20PE%2C%2050020-090!5e0!3m2!1spt-BR!2sbr!4v1600724720582!5m2!1spt-BR!2sbr\" width=\"100%\" height=\"150\" frameborder=\"0\" allowfullscreen=\"allowfullscreen\" aria-hidden=\"false\"><\/iframe><\/td>\n<\/tr>\n<\/tbody>\n<\/table>\n<\/td>\n<\/tr>\n<tr>\n<td valign=\"top\"><\/td>\n<td valign=\"top\"><\/td>\n<td valign=\"top\"><\/td>\n<\/tr>\n<\/tbody>\n<\/table>\n","protected":false},"excerpt":{"rendered":"<p>MATRIZ Rua da Conc\u00f3rdia, 539 \u2013 S\u00e3o Jos\u00e9 Recife \u2013 PE &#8211; CEP: 50020-050 Telefones: (81) 3217-8465 &#8211; WhatsApp (81) 3217-8466 FILIAL 01 Rua Passo da P\u00e1tria, 383 &#8211; S\u00e3o Jos\u00e9 Recife \u2013 PE &#8211; CEP: 50020-130 Telefones: (81) 98369-4738 &#8211; WhatsApp (81) 3217-8444 (81) 3217-8416 FILIAL 02 Rua Henrique de Holanda, 1659 Vit\u00f3ria de [&hellip;]<\/p>\n","protected":false},"author":1,"featured_media":0,"parent":0,"menu_order":0,"comment_status":"closed","ping_status":"closed","template":"","meta":[],"_links":{"self":[{"href":"http:\/\/motocruz.com.br\/index.php?rest_route=\/wp\/v2\/pages\/19"}],"collection":[{"href":"http:\/\/motocruz.com.br\/index.php?rest_route=\/wp\/v2\/pages"}],"about":[{"href":"http:\/\/motocruz.com.br\/index.php?rest_route=\/wp\/v2\/types\/page"}],"author":[{"embeddable":true,"href":"http:\/\/motocruz.com.br\/index.php?rest_route=\/wp\/v2\/users\/1"}],"replies":[{"embeddable":true,"href":"http:\/\/motocruz.com.br\/index.php?rest_route=%2Fwp%2Fv2%2Fcomments&post=19"}],"version-history":[{"count":60,"href":"http:\/\/motocruz.com.br\/index.php?rest_route=\/wp\/v2\/pages\/19\/revisions"}],"predecessor-version":[{"id":294,"href":"http:\/\/motocruz.com.br\/index.php?rest_route=\/wp\/v2\/pages\/19\/revisions\/294"}],"wp:attachment":[{"href":"http:\/\/motocruz.com.br\/index.php?rest_route=%2Fwp%2Fv2%2Fmedia&parent=19"}],"curies":[{"name":"wp","href":"https:\/\/api.w.org\/{rel}","templated":true}]}}